{"id":25,"date":"2010-04-07T16:38:46","date_gmt":"2010-04-07T14:38:46","guid":{"rendered":"https:\/\/www.asta.uni-siegen.de\/asta\/?page_id=25"},"modified":"2025-05-28T16:00:47","modified_gmt":"2025-05-28T14:00:47","slug":"satzungen-ordnungen","status":"publish","type":"page","link":"https:\/\/www.asta.uni-siegen.de\/index.php\/studis\/satzungen-ordnungen\/","title":{"rendered":"Satzungen &#038; Ordnungen | statutes &#038; regulations"},"content":{"rendered":"<p style=\"text-align: justify;\"><strong>Satzungen innerhalb der Verfassten Studierendenschaft:<\/strong><\/p>\n<ul>\n<li><a href=\"https:\/\/www.asta.uni-siegen.de\/wp-content\/uploads\/2015\/11\/Satzung-der-Studierendenschaft_29_04_15.pdf\" target=\"_blank\" rel=\"noopener noreferrer\">Satzung der Studierendenschaft<\/a> (Stand 29.04.2015)<\/li>\n<li><img loading=\"lazy\" decoding=\"async\" src=\"https:\/\/static.xx.fbcdn.net\/images\/emoji.php\/v9\/tb3\/1\/24\/1f1ec_1f1e7.png\" alt=\"\ud83c\uddec\ud83c\udde7\" width=\"24\" height=\"24\" \/> <a href=\"https:\/\/www.asta.uni-siegen.de\/wp-content\/uploads\/2020\/07\/Satzung-der-Studierendenschaft_29_04_15.pdf\">Statutes of the student body<\/a> (state 29.04.2015)<\/li>\n<li><a style=\"font-style: normal;\" href=\"https:\/\/www.asta.uni-siegen.de\/wp-content\/uploads\/2013\/07\/Satzung-des-Fachschaftsrates-Wirtschaftswissenschaften-Wirtschaftsrecht-und-Wirtschaftsinformatik_neu.pdf\" target=\"_blank\" rel=\"noopener noreferrer\">Satzung\u00a0des WIR FSR (Fachschaftsrat Wirtschaftswissenschaften, Wirtschaftsrecht und Wirtschaftsinformatik)<\/a>\u00a0(Stand 11.07.2013)<\/li>\n<li><a href=\"https:\/\/www.asta.uni-siegen.de\/wp-content\/uploads\/2019\/06\/queer-at-uni-Satzung-Stand-2016.pdf\" target=\"_blank\" rel=\"noopener noreferrer\">Satzung des autonomen Referats queer-at-uni<\/a> (Stand 25.05.2016)<\/li>\n<li><img loading=\"lazy\" decoding=\"async\" src=\"https:\/\/static.xx.fbcdn.net\/images\/emoji.php\/v9\/tb3\/1\/24\/1f1ec_1f1e7.png\" alt=\"\ud83c\uddec\ud83c\udde7\" width=\"24\" height=\"24\" \/> <a href=\"https:\/\/www.asta.uni-siegen.de\/wp-content\/uploads\/2020\/07\/queer-at-uni-Satzung-Stand-2016_ENG.pdf\">Statutes of the autonomous department for gender and sexual diversity queer-at-uni<\/a> (state 25.05.2016)<\/li>\n<\/ul>\n<p style=\"text-align: justify;\"><strong>Allgemeine Ordnungen:<\/strong><\/p>\n<ul>\n<li><a href=\"https:\/\/www.asta.uni-siegen.de\/wp-content\/uploads\/2021\/03\/BO-Stand-2020-12-04.pdf\">Beitragsordnung<\/a> (Stand 04.12.2020)<\/li>\n<li><a href=\"https:\/\/www.asta.uni-siegen.de\/wp-content\/uploads\/2020\/06\/Fachschaftsrahmenordnung_29_01_2020.pdf\">Fachschaftsrahmenordnung<\/a> (Stand 29.01.2020)<\/li>\n<li><a href=\"https:\/\/www.asta.uni-siegen.de\/wp-content\/uploads\/2024\/01\/Haertefallordnung-ab-SoSe-2023.pdf\">H\u00e4rtefallordnung<\/a> (Stand 23.03.2023)<\/li>\n<li><a style=\"font-style: normal;\" href=\"https:\/\/www.asta.uni-siegen.de\/wp-content\/uploads\/2010\/04\/Ordnung_zur_Anerkennung_von_Studentischen_Initiativen.pdf\" target=\"_blank\" rel=\"noopener noreferrer\">Ordnung zur Anerkennung von Studentischen Initiativen<\/a>\u00a0(Stand 04.08.2008)<\/li>\n<li><a href=\"https:\/\/www.asta.uni-siegen.de\/wp-content\/uploads\/2010\/04\/Projektmittelvergabeordnung.pdf\" target=\"_blank\" rel=\"noopener noreferrer\">Projektmittelvergabeordnung<\/a>\u00a0(Stand 27.11.2008)<\/li>\n<\/ul>\n<p style=\"text-align: justify;\"><strong>Gesch\u00e4ftsordnungen:<\/strong><\/p>\n<ul>\n<li><a href=\"https:\/\/www.asta.uni-siegen.de\/wp-content\/uploads\/2010\/04\/gogvv.pdf\" target=\"_blank\" rel=\"noopener noreferrer\">Gesch\u00e4ftsordnung der GesamtVollVersammlung<\/a><\/li>\n<li style=\"text-align: justify;\"><a href=\"https:\/\/www.asta.uni-siegen.de\/wp-content\/uploads\/2024\/09\/51.-Stupa-GO.pdf\">Gesch\u00e4ftsordnung des Studierendenparlaments<\/a> (Stand 07\/2024)<\/li>\n<li><a href=\"https:\/\/www.asta.uni-siegen.de\/wp-content\/uploads\/2022\/05\/Rules-of-Procedure-for-the-Student-Parliament_new.pdf\">Rules of Procedure for the Student Parliament <\/a>\u00a0(16th May 2022)<\/li>\n<\/ul>\n<ul>\n<li><a href=\"https:\/\/www.asta.uni-siegen.de\/wp-content\/uploads\/2025\/05\/Geschaeftsordnungs-des-AStAs-der-Universitaet-Siegen-10.2024.pdf\">Gesch\u00e4ftsordnungs des Walter-Kr\u00e4mer-AStAs der Universit\u00e4t Siegen<\/a> (Stand 28.10.2024)<\/li>\n<li><a href=\"https:\/\/www.asta.uni-siegen.de\/wp-content\/uploads\/2023\/06\/Wahlordnung_der_Verfassten_Studierendenschaft_der_Universitaet_Siegen.pdf\">Wahlordnung_der_Verfassten_Studierendenschaft_der_Universit\u00e4t_Siegen<\/a><\/li>\n<li><a href=\"https:\/\/www.asta.uni-siegen.de\/wp-content\/uploads\/2023\/06\/24_2023_1._aeo_wahlo_vs.pdf\">\u00c4nderungen_der_Wahlordnung der Verfassten Studierendenschaft<\/a>\u00a0(Stand 12.05.2023)<\/li>\n<li><a href=\"https:\/\/www.asta.uni-siegen.de\/wp-content\/uploads\/2020\/12\/85_2020_sonderregelungen_fuer_die_wahlen_zum_48._studierendenparlament_und_der_fachschaftsraete_im_wintersemester_2020_2021.pdf\">Sonderregelungen f\u00fcr die Wahlen zum 48. Studierendenparlament und der Fachschaftsr\u00e4te im Wintersemester 2020\/2021<\/a> (Stand 11.12.2020)<\/li>\n<\/ul>\n<p style=\"text-align: justify;\"><strong>Ordnungen der Universit\u00e4t:<\/strong><\/p>\n<ul>\n<li><a href=\"http:\/\/www.uni-siegen.de\/uni\/publikationen\/amtliche_mitteilungen\/\" target=\"_blank\" rel=\"noopener noreferrer\">Amtl. Mitteilungen der Uni<\/a><\/li>\n<\/ul>\n<p><strong>Sonstiges:<\/strong><\/p>\n<ul>\n<li><a href=\"https:\/\/www.asta.uni-siegen.de\/wp-content\/uploads\/2010\/04\/Autonomie-in-der-Verfassten-Studierendenschaft.pdf\" target=\"_blank\" rel=\"noopener noreferrer\">Autonomie in der Verfassten Studierendenschaft<\/a><strong><br \/>\n<\/strong><\/li>\n<\/ul>\n ","protected":false},"excerpt":{"rendered":"<p>Satzungen innerhalb der Verfassten Studierendenschaft: Satzung der Studierendenschaft (Stand 29.04.2015) Statutes of the student body (state 29.04.2015) Satzung\u00a0des WIR FSR (Fachschaftsrat Wirtschaftswissenschaften, Wirtschaftsrecht und Wirtschaftsinformatik)\u00a0(Stand 11.07.2013) Satzung des autonomen Referats queer-at-uni (Stand 25.05.2016) Statutes of the autonomous department for gender and sexual diversity queer-at-uni (state 25.05.2016) Allgemeine Ordnungen: Beitragsordnung (Stand 04.12.2020) Fachschaftsrahmenordnung (Stand 29.01.2020) H\u00e4rtefallordnung (Stand 23.03.2023)<\/p>\n<p><a class=\"more-link\" href=\"https:\/\/www.asta.uni-siegen.de\/index.php\/studis\/satzungen-ordnungen\/\">Weiterlesen<\/a><\/p>\n","protected":false},"author":1,"featured_media":0,"parent":6852,"menu_order":4,"comment_status":"closed","ping_status":"open","template":"","meta":{"footnotes":""},"class_list":["post-25","page","type-page","status-publish","hentry"],"_links":{"self":[{"href":"https:\/\/www.asta.uni-siegen.de\/index.php\/wp-json\/wp\/v2\/pages\/25","targetHints":{"allow":["GET"]}}],"collection":[{"href":"https:\/\/www.asta.uni-siegen.de\/index.php\/wp-json\/wp\/v2\/pages"}],"about":[{"href":"https:\/\/www.asta.uni-siegen.de\/index.php\/wp-json\/wp\/v2\/types\/page"}],"author":[{"embeddable":true,"href":"https:\/\/www.asta.uni-siegen.de\/index.php\/wp-json\/wp\/v2\/users\/1"}],"replies":[{"embeddable":true,"href":"https:\/\/www.asta.uni-siegen.de\/index.php\/wp-json\/wp\/v2\/comments?post=25"}],"version-history":[{"count":46,"href":"https:\/\/www.asta.uni-siegen.de\/index.php\/wp-json\/wp\/v2\/pages\/25\/revisions"}],"predecessor-version":[{"id":17445,"href":"https:\/\/www.asta.uni-siegen.de\/index.php\/wp-json\/wp\/v2\/pages\/25\/revisions\/17445"}],"up":[{"embeddable":true,"href":"https:\/\/www.asta.uni-siegen.de\/index.php\/wp-json\/wp\/v2\/pages\/6852"}],"wp:attachment":[{"href":"https:\/\/www.asta.uni-siegen.de\/index.php\/wp-json\/wp\/v2\/media?parent=25"}],"curies":[{"name":"wp","href":"https:\/\/api.w.org\/{rel}","templated":true}]}}