{"id":33,"date":"2010-04-07T16:53:38","date_gmt":"2010-04-07T14:53:38","guid":{"rendered":"https:\/\/www.asta.uni-siegen.de\/asta\/?page_id=33"},"modified":"2024-11-28T15:25:24","modified_gmt":"2024-11-28T14:25:24","slug":"fachschaften","status":"publish","type":"page","link":"https:\/\/www.asta.uni-siegen.de\/index.php\/studis\/fachschaften\/","title":{"rendered":"Fachschaftsr\u00e4te"},"content":{"rendered":"<p style=\"text-align: justify;\">Die Fachschaftsr\u00e4te sind die fachliche studentische Interessenvertretungen gegen\u00fcber Universit\u00e4t. Bei Problemen mit Dozierenden, Fragen zu eurem Studium und allen Unklarheiten und Schwierigkeiten w\u00e4hrend des Studiums sind die FSRe eure erste Anlaufstelle.<\/p>\n<h2><strong>Kontakte<\/strong><\/h2>\n<p><strong>FSR Architektur und St\u00e4dtebau<\/strong><br \/>\nPaul-Bonatz-Stra\u00dfe 9-11 (Raum PB-A 036)<br \/>\n57068 Siegen<\/p>\n<p>Telefon: 0271\/740 &#8211; 2156<br \/>\n<a href=\"https:\/\/www.fsr-architektursiegen.de\/\">Homepage<\/a> | <a href=\"mailto:fachschaft@architektur.uni-siegen.de\">E-Mail<\/a> | <a href=\"https:\/\/www.facebook.com\/fsrarchitekturunisiegen\">Facebook<\/a> | <a href=\"https:\/\/www.instagram.com\/fsrarchitekturunisiegen\/\">Instagram<\/a><\/p>\n<pre><\/pre>\n<p><strong>FSR Bauingenieurwesen<\/strong><br \/>\nPaul-Bonatz-Stra\u00dfe 9-11 (Raum PB-A 036)<br \/>\n57068 Siegen<\/p>\n<p>Telefon: 0271\/740 &#8211; 2156<br \/>\n<a href=\"http:\/\/www.bau.uni-siegen.de\/subdomains\/fachschaft\/index.html?lang=de\">Homepage<\/a> | <a href=\"mailto:fsr@bauwesen.uni-siegen.de\">E-Mail<\/a> | <a href=\"https:\/\/www.facebook.com\/fsrbausiegen\/\">Facebook<\/a><\/p>\n<pre><\/pre>\n<p><strong>FSR Chemie-Biologie<\/strong><br \/>\nAdolf-Reichwein-Stra\u00dfe 2 (Raum AR-H 108)<br \/>\n57076 Siegen<\/p>\n<p>Telefon: 0271\/740 &#8211; 4126 (z.Z leider defekt)<br \/>\n<a href=\"http:\/\/www.fsr-chemie-bio.de\/\">Homepage<\/a> | <a href=\"mailto:fachschaftsrat@chemie-bio.uni-siegen.de\">E-Mail<\/a> | <a href=\"http:\/\/www.facebook.com\/FSRChemieBiologie\">Facebook<\/a> | <a href=\"https:\/\/www.instagram.com\/fsr_chemie_biologie_uni_siegen\/\">Instagram<\/a><\/p>\n<pre><\/pre>\n<p><strong>FSR eti\u00a0<\/strong>(Elektrotechnik &amp; Informatik)<br \/>\nH\u00f6lderlinstra\u00dfe 3 (Raum H-E 116)<br \/>\n57068 Siegen<\/p>\n<p>Telefon: 0271\/740 &#8211; 4452<br \/>\n<a href=\"http:\/\/www.fsr-eti.de\">Homepage<\/a> | <a href=\"mailto:alle@fsr-eti.de\">E-Mail<\/a> | <a href=\"https:\/\/www.facebook.com\/fsr.eti\">Facebook<\/a><\/p>\n<pre><\/pre>\n<p><strong>FSR GG LABAMA <\/strong>(Geistes- &amp; Gesellschaftswissenschaften Lehramt, Bachelor, Master)<br \/>\nH\u00f6lderlinstra\u00dfe 35 (Raum AR-K 114\/115)<br \/>\n57076 Siegen<\/p>\n<p>Telefon: 0271\/740 &#8211; 4468<br \/>\n<a title=\"Homepage\" href=\"http:\/\/www.uni-siegen.de\/fsrgglabama\" target=\"_blank\" rel=\"noopener noreferrer\">Homepage<\/a> | <a href=\"mailto:fsrgglabama@uni-siegen.de\">E-Mail<\/a> | <a href=\"http:\/\/www.facebook.com\/FSRGGLaBaMa\">Facebook<\/a> | <a href=\"https:\/\/www.instagram.com\/fsr_gglabama\/\">Instagram<\/a><\/p>\n<pre><\/pre>\n<p><strong>FSR Lehramt GHR<\/strong><br \/>\nH\u00f6lderlinstra\u00dfe 35 (Raum AR-H 104)<br \/>\n57076 Siegen<\/p>\n<p>Telefon: 0271\/740 &#8211; 2653<br \/>\n<a href=\"http:\/\/www.uni-siegen.de\/fsr\/fsr-ghr\">Homepage<\/a> | <a href=\"mailto:fsr-primarstufe@paedagogik.uni-siegen.de\">E-Mail<\/a> | <a href=\"http:\/\/www.facebook.com\/pages\/Fachschaftsrat-Lehramt-GHR-Uni-Siegen\/269847943056068\">Facebook<\/a>\u00a0| <a href=\"https:\/\/www.instagram.com\/fsrlehramt_ghr_unisiegen\/\">Instagram<\/a><\/p>\n<pre><\/pre>\n<p><strong>FSR Health Sciences<\/strong><br \/>\nAm Eichenhang 50 (Raum AE-D 002)<br \/>\n57076 Siegen<\/p>\n<p><a href=\"mailto:fsr.lwf@uni-siegen.de\">E-Mail<\/a>\u00a0| <a href=\"https:\/\/www.instagram.com\/fsr_lwf_uni_siegen\/\">Instagram<\/a><\/p>\n<pre><\/pre>\n<p><strong>FSR Maschinenbau<\/strong><br \/>\nPaul-Bonatz-Stra\u00dfe 9-11 (Raum PB-A 427)<br \/>\n57068 Siegen<\/p>\n<p>Telefon: 0271\/740 &#8211; 4632<br \/>\n<a href=\"http:\/\/www.fsr11.uni-siegen.de\/\">Homepage<\/a> | <a href=\"mailto:fsr@mb.uni-siegen.de\">E-Mail<\/a> | <a href=\"https:\/\/www.facebook.com\/fachschaftsrat.maschinenbau\">Facebook<\/a>\u00a0| <a href=\"https:\/\/www.instagram.com\/fsr_mb_unisiegen\/\">Instagram<\/a><\/p>\n<pre><\/pre>\n<p><strong>fsr.math\u00a0<\/strong>(Mathematik)<br \/>\nWalter-Flex-Stra\u00dfe 3 (Raum ENC-D 117)<br \/>\n57068 Siegen<\/p>\n<p>Telefon: 0271\/740 &#8211; 3698<\/p>\n<p><a href=\"https:\/\/fsr6.wordpress.com\/\">Homepage<\/a> |\u00a0 <a href=\"https:\/\/www.facebook.com\/fsrmathsiegen\">Facebook<\/a> | <a href=\"mailto:fsr6_siegen@listserv.dfn.de\">E-Mail<\/a><\/p>\n<pre><\/pre>\n<p><strong>FSR Physik<\/strong><br \/>\nWalter-Flex-Stra\u00dfe 3 (Raum ENC-D 117)<br \/>\n57068 Siegen<\/p>\n<p>Telefon: 0271\/740 &#8211; 3698<\/p>\n<p><a href=\"http:\/\/www.fsr-physik.de\">Homepage<\/a> | <a href=\"mailto:fsr-physik_siegen@listserv.dfn.de\">E-Mail<\/a> | <a href=\"http:\/\/www.facebook.com\/FsrPhysikUniSiegen\">Facebook<\/a><\/p>\n<pre><\/pre>\n<p><b>FSR PSY<\/b> (Psychologie)<br \/>\nAdolf-Reichwein-Str. 2 (Raum AR-NB 0130)<br \/>\n57068 Siegen<\/p>\n<p>Telefon:<br \/>\n<a href=\"http:\/\/www.fsr-psy-siegen.de\">Homepage<\/a> | <a href=\"mailto:Fachschaftsrat.Psychologie@uni-siegen.de\">E-Mail<\/a> | <a href=\"https:\/\/www.facebook.com\/fsr.psy.siegen\">Facebook<\/a>\u00a0| <a href=\"https:\/\/www.instagram.com\/fsr.psy.siegen\/\">Instagram<\/a><\/p>\n<pre><\/pre>\n<p><strong>F<\/strong><strong>SR SLM<\/strong> (Sprach-, Literatur- und Medienwissenschaften)<\/p>\n<p><a href=\"mailto:fsr.slm@uni-siegen.de\">E-Mail<\/a>\u00a0 | <a href=\"https:\/\/www.instagram.com\/fsr_slm\/\">Instagram\u00a0<\/a><\/p>\n<pre><\/pre>\n<p><strong>FSR Soziale Arbeit<\/strong><br \/>\nAdolf-Reichwein-Stra\u00dfe 2 (Raum AR-D 4104)<br \/>\n57068 Siegen<\/p>\n<p>Telefon: 0271\/740 &#8211; 4611<br \/>\n<a href=\"http:\/\/www.der-fachschaftsrat.de\">Homepage<\/a> | <a href=\"mailto:fsr.soziale-arbeit@uni-siegen.de\">E-Mail<\/a> | <a href=\"https:\/\/de-de.facebook.com\/sozialearbeitsiegen\/\">Facebook<\/a>\u00a0| <a href=\"https:\/\/www.instagram.com\/fsr.sozialearbeit.siegen\/\">Instagram<\/a><\/p>\n<pre><\/pre>\n<p><strong>WIR FSR\u00a0<\/strong>(Wirtschaftswissenschaften, -Informatik &amp; -Recht)<br \/>\nKohlbettstra\u00dfe 15 (Raum US-F 004)<br \/>\n57072 Siegen<\/p>\n<p>Telefon: 0271\/740 &#8211; 3136<br \/>\n<a href=\"http:\/\/www.uni-siegen.de\/fsr\/wirfsr\/\">Homepage<\/a> | <a href=\"mailto:allgemeines@wir-fsr.de\">E-Mail<\/a> | <a href=\"\/\/www.facebook.com\/wirfsr\">Facebook<\/a>\u00a0| <a href=\"https:\/\/www.instagram.com\/fsrwir\/\">Instagram\u00a0<\/a><\/p>\n ","protected":false},"excerpt":{"rendered":"<p>Die Fachschaftsr\u00e4te sind die fachliche studentische Interessenvertretungen gegen\u00fcber Universit\u00e4t. Bei Problemen mit Dozierenden, Fragen zu eurem Studium und allen Unklarheiten und Schwierigkeiten w\u00e4hrend des Studiums sind die FSRe eure erste Anlaufstelle. Kontakte FSR Architektur und St\u00e4dtebau Paul-Bonatz-Stra\u00dfe 9-11 (Raum PB-A 036) 57068 Siegen Telefon: 0271\/740 &#8211; 2156 Homepage | E-Mail | Facebook | Instagram FSR Bauingenieurwesen Paul-Bonatz-Stra\u00dfe<\/p>\n<p><a class=\"more-link\" href=\"https:\/\/www.asta.uni-siegen.de\/index.php\/studis\/fachschaften\/\">Weiterlesen<\/a><\/p>\n","protected":false},"author":1,"featured_media":0,"parent":6852,"menu_order":1,"comment_status":"closed","ping_status":"open","template":"","meta":{"footnotes":""},"class_list":["post-33","page","type-page","status-publish","hentry"],"_links":{"self":[{"href":"https:\/\/www.asta.uni-siegen.de\/index.php\/wp-json\/wp\/v2\/pages\/33","targetHints":{"allow":["GET"]}}],"collection":[{"href":"https:\/\/www.asta.uni-siegen.de\/index.php\/wp-json\/wp\/v2\/pages"}],"about":[{"href":"https:\/\/www.asta.uni-siegen.de\/index.php\/wp-json\/wp\/v2\/types\/page"}],"author":[{"embeddable":true,"href":"https:\/\/www.asta.uni-siegen.de\/index.php\/wp-json\/wp\/v2\/users\/1"}],"replies":[{"embeddable":true,"href":"https:\/\/www.asta.uni-siegen.de\/index.php\/wp-json\/wp\/v2\/comments?post=33"}],"version-history":[{"count":32,"href":"https:\/\/www.asta.uni-siegen.de\/index.php\/wp-json\/wp\/v2\/pages\/33\/revisions"}],"predecessor-version":[{"id":17169,"href":"https:\/\/www.asta.uni-siegen.de\/index.php\/wp-json\/wp\/v2\/pages\/33\/revisions\/17169"}],"up":[{"embeddable":true,"href":"https:\/\/www.asta.uni-siegen.de\/index.php\/wp-json\/wp\/v2\/pages\/6852"}],"wp:attachment":[{"href":"https:\/\/www.asta.uni-siegen.de\/index.php\/wp-json\/wp\/v2\/media?parent=33"}],"curies":[{"name":"wp","href":"https:\/\/api.w.org\/{rel}","templated":true}]}}