{"id":6128,"date":"2015-07-29T18:15:58","date_gmt":"2015-07-29T16:15:58","guid":{"rendered":"https:\/\/www.asta.uni-siegen.de\/asta\/?page_id=6128"},"modified":"2024-03-06T15:23:08","modified_gmt":"2024-03-06T14:23:08","slug":"protokolle","status":"publish","type":"page","link":"https:\/\/www.asta.uni-siegen.de\/index.php\/stupa\/43-stupa\/protokolle\/","title":{"rendered":"Sitzungen &#8211; 43. StuPa"},"content":{"rendered":"<p style=\"text-align: justify\">Hier kannst du die Protokolle der Sitzungen des 43. Studierendenparlamentes der Uni Siegen finden.\u00a0Um Personen-Tracking durch Suchmaschinen auszuschlie\u00dfen, sind alle\u00a0StuPa-Protokolle sind mit dem Passwort \u201casta\u201d gesch\u00fctzt.<\/p>\n<p style=\"text-align: justify\">StuPa-Protokolle k\u00f6nnen erst hochgeladen werden, nachdem der Protokollausschuss getagt hat. Daher kommt es hierbei leider zu leichten Verz\u00f6gerungen.<br \/>\n<a href=\"https:\/\/www.asta.uni-siegen.de\/wp-content\/uploads\/2014\/09\/Protokoll-Konstituierende-Sitzung-240413.pdf\"><br \/>\n<\/a><a href=\"https:\/\/www.asta.uni-siegen.de\/wp-content\/uploads\/2016\/04\/Protokoll-der-konstituierenden-Sitzung-des-43.pdf\">08.07.2015<\/a>\u00a0\u2013 Konstituierende Sitzung<br \/>\n<a href=\"https:\/\/www.asta.uni-siegen.de\/wp-content\/uploads\/2015\/10\/Protokoll-der-1.-Sitzung-des-43.-StuPa.pdf\">29.07.2015<\/a><a href=\"https:\/\/www.asta.uni-siegen.de\/wp-content\/uploads\/2015\/10\/Protokoll-der-1.-Sitzung-des-43.-StuPa.pdf\">\u00a0<\/a>\u2013\u00a01. Sitzung<br \/>\n<a href=\"https:\/\/www.asta.uni-siegen.de\/wp-content\/uploads\/2015\/10\/Sitzung-am-25.pdf\">25.08.2015<\/a> \u2013 2. Sitzung<br \/>\n<a href=\"https:\/\/www.asta.uni-siegen.de\/wp-content\/uploads\/2015\/10\/StuPa-protokoll23-09-2015.pdf\">23.09.2015 <\/a>\u2013 3. Sitzung<br \/>\n<a href=\"https:\/\/www.asta.uni-siegen.de\/wp-content\/uploads\/2015\/12\/StuPa-Protokoll_15.10.15.pdf\">15.10.2015<\/a>\u00a0\u2013 4. Sitzung<br \/>\n<a href=\"https:\/\/www.asta.uni-siegen.de\/wp-content\/uploads\/2015\/12\/5_43_StuPa-Protokoll.pdf\">04.11.2015<\/a>\u00a0\u2013 5. Sitzung<br \/>\n<a href=\"https:\/\/www.asta.uni-siegen.de\/wp-content\/uploads\/2015\/12\/6_43-StuPa-Protokoll.pdf\">25.11.2015<\/a>\u00a0\u2013 6. Sitzung<br \/>\n<a href=\"https:\/\/www.asta.uni-siegen.de\/wp-content\/uploads\/2015\/07\/7_43_StuPa-Protokoll-15.12.2015.pdf\">15.12.2015<\/a>\u00a0\u2013 7. Sitzung<br \/>\n<a href=\"https:\/\/www.asta.uni-siegen.de\/wp-content\/uploads\/2016\/04\/StuPa-02.03.2016.pdf\">02.03.2016<\/a> \u2013 8. Sitzung<br \/>\n20.04.2016\u00a0\u2013 9. Sitzung<\/p>\n ","protected":false},"excerpt":{"rendered":"<p>Hier kannst du die Protokolle der Sitzungen des 43. Studierendenparlamentes der Uni Siegen finden.\u00a0Um Personen-Tracking durch Suchmaschinen auszuschlie\u00dfen, sind alle\u00a0StuPa-Protokolle sind mit dem Passwort \u201casta\u201d gesch\u00fctzt. StuPa-Protokolle k\u00f6nnen erst hochgeladen werden, nachdem der Protokollausschuss getagt hat. Daher kommt es hierbei leider zu leichten Verz\u00f6gerungen. 08.07.2015\u00a0\u2013 Konstituierende Sitzung 29.07.2015\u00a0\u2013\u00a01. Sitzung 25.08.2015 \u2013 2. Sitzung 23.09.2015 \u2013 3. Sitzung<\/p>\n<p><a class=\"more-link\" href=\"https:\/\/www.asta.uni-siegen.de\/index.php\/stupa\/43-stupa\/protokolle\/\">Weiterlesen<\/a><\/p>\n","protected":false},"author":1,"featured_media":0,"parent":5976,"menu_order":0,"comment_status":"closed","ping_status":"closed","template":"","meta":{"footnotes":""},"class_list":["post-6128","page","type-page","status-publish","hentry"],"_links":{"self":[{"href":"https:\/\/www.asta.uni-siegen.de\/index.php\/wp-json\/wp\/v2\/pages\/6128","targetHints":{"allow":["GET"]}}],"collection":[{"href":"https:\/\/www.asta.uni-siegen.de\/index.php\/wp-json\/wp\/v2\/pages"}],"about":[{"href":"https:\/\/www.asta.uni-siegen.de\/index.php\/wp-json\/wp\/v2\/types\/page"}],"author":[{"embeddable":true,"href":"https:\/\/www.asta.uni-siegen.de\/index.php\/wp-json\/wp\/v2\/users\/1"}],"replies":[{"embeddable":true,"href":"https:\/\/www.asta.uni-siegen.de\/index.php\/wp-json\/wp\/v2\/comments?post=6128"}],"version-history":[{"count":3,"href":"https:\/\/www.asta.uni-siegen.de\/index.php\/wp-json\/wp\/v2\/pages\/6128\/revisions"}],"predecessor-version":[{"id":9660,"href":"https:\/\/www.asta.uni-siegen.de\/index.php\/wp-json\/wp\/v2\/pages\/6128\/revisions\/9660"}],"up":[{"embeddable":true,"href":"https:\/\/www.asta.uni-siegen.de\/index.php\/wp-json\/wp\/v2\/pages\/5976"}],"wp:attachment":[{"href":"https:\/\/www.asta.uni-siegen.de\/index.php\/wp-json\/wp\/v2\/media?parent=6128"}],"curies":[{"name":"wp","href":"https:\/\/api.w.org\/{rel}","templated":true}]}}