{"id":9557,"date":"2018-08-23T15:35:04","date_gmt":"2018-08-23T13:35:04","guid":{"rendered":"https:\/\/www.asta.uni-siegen.de\/?page_id=9557"},"modified":"2018-09-18T20:19:20","modified_gmt":"2018-09-18T18:19:20","slug":"46-studierendenparlament","status":"publish","type":"page","link":"https:\/\/www.asta.uni-siegen.de\/index.php\/46-studierendenparlament\/","title":{"rendered":"46. Studierendenparlament"},"content":{"rendered":"<p>Das Wahlprotokoll und das Ergebnis der Ausz\u00e4hlung der StuPa- und FSR-Wahlen findet ihr <a href=\"https:\/\/www.asta.uni-siegen.de\/wp-content\/uploads\/2018\/09\/Wahlprotokoll-2018.pdf\">hier.<\/a><\/p>\n<p>Das Passwort ist aus Datenschutzgr\u00fcnden: \u201a1234\u2018.<\/p>\n<p><img loading=\"lazy\" decoding=\"async\" class=\"alignnone wp-image-9561\" src=\"https:\/\/www.asta.uni-siegen.de\/wp-content\/uploads\/2018\/08\/diagramm-1012x1024.jpg\" alt=\"\" width=\"600\" height=\"607\" srcset=\"https:\/\/www.asta.uni-siegen.de\/wp-content\/uploads\/2018\/08\/diagramm-1012x1024.jpg 1012w, https:\/\/www.asta.uni-siegen.de\/wp-content\/uploads\/2018\/08\/diagramm-296x300.jpg 296w, https:\/\/www.asta.uni-siegen.de\/wp-content\/uploads\/2018\/08\/diagramm-768x777.jpg 768w, https:\/\/www.asta.uni-siegen.de\/wp-content\/uploads\/2018\/08\/diagramm-800x810.jpg 800w, https:\/\/www.asta.uni-siegen.de\/wp-content\/uploads\/2018\/08\/diagramm-50x52.jpg 50w\" sizes=\"auto, (max-width: 600px) 100vw, 600px\" \/><\/p>\n<p><strong>Das<\/strong>\u00a0<strong>StuPa setzt sich aus folgenden Mandatstr\u00e4ger*innen zusammen:<\/strong><\/p>\n<p><span style=\"font-size: 16px; font-family: 'Coolvetica Regular';\">JU HSG (6 Sitze, 1235 Stimmen):<\/span><\/p>\n<p>Christian Vogt<br \/>\nAnastasia Nomerowskaja<br \/>\nSebastian K\u00f6gel<br \/>\n<span style=\"font-size: 1rem;\">Max Kohl<br \/>\n<\/span>Kathlen K\u00f6nig<br \/>\nHelena Baumann<\/p>\n<p>&nbsp;<\/p>\n<p><span style=\"font-size: 16px; font-family: 'Coolvetica Regular';\">Juso HSG (5 Sitze, 1035 Stimmen): <\/span><\/p>\n<p>Marielena Scheffler<br \/>\nVanessa Schmidt<br \/>\nMarie Kirschstein<br \/>\nJonas Vollert<br \/>\nChristopher Weingart<\/p>\n<p>&nbsp;<\/p>\n<p><span style=\"font-size: 16px; font-family: 'Coolvetica Regular';\">GLL (4 Sitze, 731 Stimmen):<\/span><strong><br \/>\n<\/strong><\/p>\n<p>Janine Wetzel<br \/>\nNatalie Morell<br \/>\nJannick Leseberg<br \/>\nHelen Schneider<\/p>\n<p>&nbsp;<\/p>\n<p><span style=\"font-size: 16px; font-family: 'Coolvetica Regular';\">gaW (3 Sitze, 727 Stimmen):<\/span><\/p>\n<p>Vera Fengler<br \/>\nJonas Meiners<br \/>\nKathrin Wagner<\/p>\n<p>&nbsp;<\/p>\n<p><span style=\"font-size: 16px; font-family: 'Coolvetica Regular';\">Fak4StuPa (3 Sitze, 565 Stimmen):<\/span><strong><br \/>\n<\/strong><\/p>\n<p>Andreas Beutler<br \/>\nFabian Smeets<br \/>\nSarah Wessel<\/p>\n<p>&nbsp;<\/p>\n<p><span style=\"font-family: 'Coolvetica Regular'; font-size: 16px;\">Liberale Hochschulgruppe (2 Sitze, 402 Stimmen):<\/span><\/p>\n<p>Timo Alexander Trill<br \/>\nJoshua Fuhrmann<\/p>\n<p>&nbsp;<\/p>\n<p><span style=\"font-family: 'Coolvetica Regular'; font-size: 16px;\">SDS.Die Linke (2 Sitze, 374 Stimmen):<\/span><\/p>\n<p>Alexander Steltenkamp<br \/>\nLara Velasquez Zuniga<\/p>\n<p>&nbsp;<\/p>\n<p>Enthaltungen: 406<\/p>\n<p>Ung\u00fcltig: 23<\/p>\n<p>&nbsp;<\/p>\n ","protected":false},"excerpt":{"rendered":"<p>Das Wahlprotokoll und das Ergebnis der Ausz\u00e4hlung der StuPa- und FSR-Wahlen findet ihr hier. Das Passwort ist aus Datenschutzgr\u00fcnden: \u201a1234\u2018. Das\u00a0StuPa setzt sich aus folgenden Mandatstr\u00e4ger*innen zusammen: JU HSG (6 Sitze, 1235 Stimmen): Christian Vogt Anastasia Nomerowskaja Sebastian K\u00f6gel Max Kohl Kathlen K\u00f6nig Helena Baumann &nbsp; Juso HSG (5 Sitze, 1035 Stimmen): Marielena Scheffler Vanessa Schmidt Marie<\/p>\n<p><a class=\"more-link\" href=\"https:\/\/www.asta.uni-siegen.de\/index.php\/46-studierendenparlament\/\">Weiterlesen<\/a><\/p>\n","protected":false},"author":1,"featured_media":0,"parent":0,"menu_order":0,"comment_status":"closed","ping_status":"closed","template":"","meta":{"footnotes":""},"class_list":["post-9557","page","type-page","status-publish","hentry"],"_links":{"self":[{"href":"https:\/\/www.asta.uni-siegen.de\/index.php\/wp-json\/wp\/v2\/pages\/9557","targetHints":{"allow":["GET"]}}],"collection":[{"href":"https:\/\/www.asta.uni-siegen.de\/index.php\/wp-json\/wp\/v2\/pages"}],"about":[{"href":"https:\/\/www.asta.uni-siegen.de\/index.php\/wp-json\/wp\/v2\/types\/page"}],"author":[{"embeddable":true,"href":"https:\/\/www.asta.uni-siegen.de\/index.php\/wp-json\/wp\/v2\/users\/1"}],"replies":[{"embeddable":true,"href":"https:\/\/www.asta.uni-siegen.de\/index.php\/wp-json\/wp\/v2\/comments?post=9557"}],"version-history":[{"count":6,"href":"https:\/\/www.asta.uni-siegen.de\/index.php\/wp-json\/wp\/v2\/pages\/9557\/revisions"}],"predecessor-version":[{"id":9646,"href":"https:\/\/www.asta.uni-siegen.de\/index.php\/wp-json\/wp\/v2\/pages\/9557\/revisions\/9646"}],"wp:attachment":[{"href":"https:\/\/www.asta.uni-siegen.de\/index.php\/wp-json\/wp\/v2\/media?parent=9557"}],"curies":[{"name":"wp","href":"https:\/\/api.w.org\/{rel}","templated":true}]}}