{"id":9978,"date":"2019-02-11T12:41:15","date_gmt":"2019-02-11T11:41:15","guid":{"rendered":"https:\/\/www.asta.uni-siegen.de\/?page_id=9978"},"modified":"2022-03-11T10:51:21","modified_gmt":"2022-03-11T09:51:21","slug":"download-haertefallantraege","status":"publish","type":"page","link":"https:\/\/www.asta.uni-siegen.de\/index.php\/download-haertefallantraege\/","title":{"rendered":"Download H\u00e4rtefallantr\u00e4ge"},"content":{"rendered":"<p>Hier findet ihr den H\u00e4rtefallantrag sowie das Widerspruchsformular zum Download.<\/p>\n<p><a href=\"https:\/\/www.asta.uni-siegen.de\/wp-content\/uploads\/2022\/03\/Haertefallantrag-SoSe_22_Deutsch_Ausfuellbar.pdf\">H\u00e4rtefallantrag<\/a><\/p>\n<p><a href=\"https:\/\/www.asta.uni-siegen.de\/wp-content\/uploads\/2022\/03\/Haertefallantrag-SoSe_22_Englisch_Ausfuellbar.pdf\">Hardship case application<\/a><\/p>\n<p><a href=\"https:\/\/www.asta.uni-siegen.de\/wp-content\/uploads\/2022\/03\/Haertefallantrag-SoSe_22_Franzoesisch_Ausfuellbar.pdf\">formulair de cas difficile <\/a><\/p>\n<p><a href=\"https:\/\/www.asta.uni-siegen.de\/wp-content\/uploads\/2021\/01\/Widerspruch-Deutsch-WiSe-20-21.pdf\">Widerspruchsformular<\/a><\/p>\n<p><a href=\"https:\/\/www.asta.uni-siegen.de\/wp-content\/uploads\/2021\/01\/Widerspruch-Englisch-WiSe-20-21.pdf\">Letter of objection<\/a><\/p>\n\n\n<p><\/p>\n ","protected":false},"excerpt":{"rendered":"<p>Hier findet ihr den H\u00e4rtefallantrag sowie das Widerspruchsformular zum Download. H\u00e4rtefallantrag Hardship case application formulair de cas difficile Widerspruchsformular Letter of objection<\/p>\n","protected":false},"author":1,"featured_media":0,"parent":0,"menu_order":0,"comment_status":"closed","ping_status":"closed","template":"","meta":{"footnotes":""},"class_list":["post-9978","page","type-page","status-publish","hentry"],"_links":{"self":[{"href":"https:\/\/www.asta.uni-siegen.de\/index.php\/wp-json\/wp\/v2\/pages\/9978","targetHints":{"allow":["GET"]}}],"collection":[{"href":"https:\/\/www.asta.uni-siegen.de\/index.php\/wp-json\/wp\/v2\/pages"}],"about":[{"href":"https:\/\/www.asta.uni-siegen.de\/index.php\/wp-json\/wp\/v2\/types\/page"}],"author":[{"embeddable":true,"href":"https:\/\/www.asta.uni-siegen.de\/index.php\/wp-json\/wp\/v2\/users\/1"}],"replies":[{"embeddable":true,"href":"https:\/\/www.asta.uni-siegen.de\/index.php\/wp-json\/wp\/v2\/comments?post=9978"}],"version-history":[{"count":17,"href":"https:\/\/www.asta.uni-siegen.de\/index.php\/wp-json\/wp\/v2\/pages\/9978\/revisions"}],"predecessor-version":[{"id":14185,"href":"https:\/\/www.asta.uni-siegen.de\/index.php\/wp-json\/wp\/v2\/pages\/9978\/revisions\/14185"}],"wp:attachment":[{"href":"https:\/\/www.asta.uni-siegen.de\/index.php\/wp-json\/wp\/v2\/media?parent=9978"}],"curies":[{"name":"wp","href":"https:\/\/api.w.org\/{rel}","templated":true}]}}