{"id":10535,"date":"2019-10-22T01:31:52","date_gmt":"2019-10-21T23:31:52","guid":{"rendered":"https:\/\/www.asta.uni-siegen.de\/?post_type=tribe_events&#038;p=10535"},"modified":"2019-10-22T01:31:52","modified_gmt":"2019-10-21T23:31:52","slug":"tage-der-vielfalt-klassismus-im-bildungssystem-vortrag-von-andreas-kemper","status":"publish","type":"tribe_events","link":"https:\/\/www.asta.uni-siegen.de\/index.php\/termin_der_vs\/tage-der-vielfalt-klassismus-im-bildungssystem-vortrag-von-andreas-kemper\/","title":{"rendered":"Tage der Vielfalt &#8211; Klassismus im Bildungssystem &#8211; Vortrag von Andreas Kemper"},"content":{"rendered":"<p>Im Rahmen unserer Tage der Vielfalt wird Andreas Kemper einen Vortrag \u00fcber &#8220;Klassismus im Bildungssystem&#8221; halten.<\/p>\n<p>\u201eKlassismus\u201c meint klassenspezifische Diskriminierung, Unterdr\u00fcckung, Ausbeutung, Marginalisierung.<br \/>\nAuch an den Hochschulen findet Diskriminierung aufgrund von Klasse statt. Zwischen den St\u00fchlen zu sitzen, hei\u00dft f\u00fcr die Klassismusforschung auch, zwischen den Lehrst\u00fchlen zu sitzen.<br \/>\nBildungszertifikate spielen eine gro\u00dfe Rolle und sind dennoch meist nur den Privilegiertesten vorbehalten.<\/p>\n<p>Andreas Kemper stellt die These auf: Eine bildungspolitische Verbesserung der Situation der benachteiligten Gruppen muss einhergehen mit ihrer politischen Selbstorganisierung.<\/p>\n ","protected":false},"excerpt":{"rendered":"<p>Im Rahmen unserer Tage der Vielfalt wird Andreas Kemper einen Vortrag \u00fcber &#8220;Klassismus im Bildungssystem&#8221; halten. \u201eKlassismus\u201c meint klassenspezifische Diskriminierung, Unterdr\u00fcckung, Ausbeutung, Marginalisierung. Auch an den Hochschulen findet Diskriminierung aufgrund von Klasse statt. Zwischen den St\u00fchlen zu sitzen, hei\u00dft f\u00fcr die Klassismusforschung auch, zwischen den Lehrst\u00fchlen zu sitzen. Bildungszertifikate spielen eine gro\u00dfe Rolle und sind dennoch meist<\/p>\n<p><a class=\"more-link\" href=\"https:\/\/www.asta.uni-siegen.de\/index.php\/termin_der_vs\/tage-der-vielfalt-klassismus-im-bildungssystem-vortrag-von-andreas-kemper\/\">Weiterlesen<\/a><\/p>\n","protected":false},"author":18,"featured_media":0,"comment_status":"closed","ping_status":"closed","template":"","meta":{"_tribe_events_status":"","_tribe_events_status_reason":"","footnotes":""},"tags":[],"tribe_events_cat":[],"class_list":["post-10535","tribe_events","type-tribe_events","status-publish","hentry"],"_links":{"self":[{"href":"https:\/\/www.asta.uni-siegen.de\/index.php\/wp-json\/wp\/v2\/tribe_events\/10535","targetHints":{"allow":["GET"]}}],"collection":[{"href":"https:\/\/www.asta.uni-siegen.de\/index.php\/wp-json\/wp\/v2\/tribe_events"}],"about":[{"href":"https:\/\/www.asta.uni-siegen.de\/index.php\/wp-json\/wp\/v2\/types\/tribe_events"}],"author":[{"embeddable":true,"href":"https:\/\/www.asta.uni-siegen.de\/index.php\/wp-json\/wp\/v2\/users\/18"}],"replies":[{"embeddable":true,"href":"https:\/\/www.asta.uni-siegen.de\/index.php\/wp-json\/wp\/v2\/comments?post=10535"}],"version-history":[{"count":1,"href":"https:\/\/www.asta.uni-siegen.de\/index.php\/wp-json\/wp\/v2\/tribe_events\/10535\/revisions"}],"predecessor-version":[{"id":10536,"href":"https:\/\/www.asta.uni-siegen.de\/index.php\/wp-json\/wp\/v2\/tribe_events\/10535\/revisions\/10536"}],"wp:attachment":[{"href":"https:\/\/www.asta.uni-siegen.de\/index.php\/wp-json\/wp\/v2\/media?parent=10535"}],"wp:term":[{"taxonomy":"post_tag","embeddable":true,"href":"https:\/\/www.asta.uni-siegen.de\/index.php\/wp-json\/wp\/v2\/tags?post=10535"},{"taxonomy":"tribe_events_cat","embeddable":true,"href":"https:\/\/www.asta.uni-siegen.de\/index.php\/wp-json\/wp\/v2\/tribe_events_cat?post=10535"}],"curies":[{"name":"wp","href":"https:\/\/api.w.org\/{rel}","templated":true}]}}

<p>Im Rahmen unserer Tage der Vielfalt wird Andreas Kemper einen Vortrag über &#8220;Klassismus im Bildungssystem&#8221; halten.</p>
<p>„Klassismus“ meint klassenspezifische Diskriminierung, Unterdrückung, Ausbeutung, Marginalisierung.<br />
Auch an den Hochschulen findet Diskriminierung aufgrund von Klasse statt. Zwischen den Stühlen zu sitzen, heißt für die Klassismusforschung auch, zwischen den Lehrstühlen zu sitzen.<br />
Bildungszertifikate spielen eine große Rolle und sind dennoch meist nur den Privilegiertesten vorbehalten.</p>
<p>Andreas Kemper stellt die These auf: Eine bildungspolitische Verbesserung der Situation der benachteiligten Gruppen muss einhergehen mit ihrer politischen Selbstorganisierung.</p>

<p>Im Rahmen unserer Tage der Vielfalt wird Andreas Kemper einen Vortrag über &#8220;Klassismus im Bildungssystem&#8221; halten. „Klassismus“ meint klassenspezifische Diskriminierung, Unterdrückung, Ausbeutung, Marginalisierung. Auch an den Hochschulen findet Diskriminierung aufgrund von Klasse statt. Zwischen den Stühlen zu sitzen, heißt für die Klassismusforschung auch, zwischen den Lehrstühlen zu sitzen. Bildungszertifikate spielen eine große Rolle und sind dennoch meist</p>
<p><a class="more-link" href="https://www.asta.uni-siegen.de/index.php/termin_der_vs/tage-der-vielfalt-klassismus-im-bildungssystem-vortrag-von-andreas-kemper/">Weiterlesen</a></p>
