{"id":10789,"date":"2020-01-15T13:53:08","date_gmt":"2020-01-15T12:53:08","guid":{"rendered":"https:\/\/www.asta.uni-siegen.de\/?post_type=tribe_events&#038;p=10789"},"modified":"2020-01-15T13:53:08","modified_gmt":"2020-01-15T12:53:08","slug":"neuer-eltern-kind-raum-am-unteren-schloss-us-g-213","status":"publish","type":"tribe_events","link":"https:\/\/www.asta.uni-siegen.de\/index.php\/termin_der_vs\/neuer-eltern-kind-raum-am-unteren-schloss-us-g-213\/","title":{"rendered":"Neuer Eltern-Kind-Raum am Unteren Schloss (US-G 213)"},"content":{"rendered":"<p>Liebe mitarbeitende und studierende Eltern,<\/p>\n<p>seit Dezember ist es endlich so weit: Das Charlotte-Leubuscher-Haus (Geb\u00e4udeteil G, ehemaliges Gesundheitsamt) hat einen eigenen Eltern-Kind-Raum und bietet Ihnen und Ihren Kindern nun einen R\u00fcckzugsort zum Ausruhen, Spielen oder Wickeln.<br \/>\nDas Familienserviceb\u00fcro und das Gleichstellungsb\u00fcro wollen mit Ihnen gerne die Einweihung dieses Raumes feiern und laden Sie und Ihre Kinder deswegen am Mittwoch, den 22. Januar zwischen 14 Uhr und 16 Uhr herzlich zu einer kleinen Feierlichkeit in und am Raum US-G 213 (Etage 2a) ein. F\u00fcr das leibliche Wohl ist gesorgt und Kinder sind gerne eingeladen, die Spielm\u00f6glichkeiten des neuen Eltern-Kind-Raumes auszuprobieren.<br \/>\nWir freuen uns auf Ihr zahlreiches Erscheinen!<\/p>\n<p>Herzliche Gr\u00fc\u00dfe,<br \/>\nDas Familienserviceb\u00fcro &amp; das Gleichstellungsb\u00fcro<\/p>\n ","protected":false},"excerpt":{"rendered":"<p>Liebe mitarbeitende und studierende Eltern, seit Dezember ist es endlich so weit: Das Charlotte-Leubuscher-Haus (Geb\u00e4udeteil G, ehemaliges Gesundheitsamt) hat einen eigenen Eltern-Kind-Raum und bietet Ihnen und Ihren Kindern nun einen R\u00fcckzugsort zum Ausruhen, Spielen oder Wickeln. Das Familienserviceb\u00fcro und das Gleichstellungsb\u00fcro wollen mit Ihnen gerne die Einweihung dieses Raumes feiern und laden Sie und Ihre Kinder deswegen<\/p>\n<p><a class=\"more-link\" href=\"https:\/\/www.asta.uni-siegen.de\/index.php\/termin_der_vs\/neuer-eltern-kind-raum-am-unteren-schloss-us-g-213\/\">Weiterlesen<\/a><\/p>\n","protected":false},"author":18,"featured_media":0,"comment_status":"closed","ping_status":"closed","template":"","meta":{"_tribe_events_status":"","_tribe_events_status_reason":"","footnotes":""},"tags":[],"tribe_events_cat":[],"class_list":["post-10789","tribe_events","type-tribe_events","status-publish","hentry"],"_links":{"self":[{"href":"https:\/\/www.asta.uni-siegen.de\/index.php\/wp-json\/wp\/v2\/tribe_events\/10789","targetHints":{"allow":["GET"]}}],"collection":[{"href":"https:\/\/www.asta.uni-siegen.de\/index.php\/wp-json\/wp\/v2\/tribe_events"}],"about":[{"href":"https:\/\/www.asta.uni-siegen.de\/index.php\/wp-json\/wp\/v2\/types\/tribe_events"}],"author":[{"embeddable":true,"href":"https:\/\/www.asta.uni-siegen.de\/index.php\/wp-json\/wp\/v2\/users\/18"}],"replies":[{"embeddable":true,"href":"https:\/\/www.asta.uni-siegen.de\/index.php\/wp-json\/wp\/v2\/comments?post=10789"}],"version-history":[{"count":1,"href":"https:\/\/www.asta.uni-siegen.de\/index.php\/wp-json\/wp\/v2\/tribe_events\/10789\/revisions"}],"predecessor-version":[{"id":10790,"href":"https:\/\/www.asta.uni-siegen.de\/index.php\/wp-json\/wp\/v2\/tribe_events\/10789\/revisions\/10790"}],"wp:attachment":[{"href":"https:\/\/www.asta.uni-siegen.de\/index.php\/wp-json\/wp\/v2\/media?parent=10789"}],"wp:term":[{"taxonomy":"post_tag","embeddable":true,"href":"https:\/\/www.asta.uni-siegen.de\/index.php\/wp-json\/wp\/v2\/tags?post=10789"},{"taxonomy":"tribe_events_cat","embeddable":true,"href":"https:\/\/www.asta.uni-siegen.de\/index.php\/wp-json\/wp\/v2\/tribe_events_cat?post=10789"}],"curies":[{"name":"wp","href":"https:\/\/api.w.org\/{rel}","templated":true}]}}

<p>Liebe mitarbeitende und studierende Eltern,</p>
<p>seit Dezember ist es endlich so weit: Das Charlotte-Leubuscher-Haus (Gebäudeteil G, ehemaliges Gesundheitsamt) hat einen eigenen Eltern-Kind-Raum und bietet Ihnen und Ihren Kindern nun einen Rückzugsort zum Ausruhen, Spielen oder Wickeln.<br />
Das Familienservicebüro und das Gleichstellungsbüro wollen mit Ihnen gerne die Einweihung dieses Raumes feiern und laden Sie und Ihre Kinder deswegen am Mittwoch, den 22. Januar zwischen 14 Uhr und 16 Uhr herzlich zu einer kleinen Feierlichkeit in und am Raum US-G 213 (Etage 2a) ein. Für das leibliche Wohl ist gesorgt und Kinder sind gerne eingeladen, die Spielmöglichkeiten des neuen Eltern-Kind-Raumes auszuprobieren.<br />
Wir freuen uns auf Ihr zahlreiches Erscheinen!</p>
<p>Herzliche Grüße,<br />
Das Familienservicebüro &amp; das Gleichstellungsbüro</p>

<p>Liebe mitarbeitende und studierende Eltern, seit Dezember ist es endlich so weit: Das Charlotte-Leubuscher-Haus (Gebäudeteil G, ehemaliges Gesundheitsamt) hat einen eigenen Eltern-Kind-Raum und bietet Ihnen und Ihren Kindern nun einen Rückzugsort zum Ausruhen, Spielen oder Wickeln. Das Familienservicebüro und das Gleichstellungsbüro wollen mit Ihnen gerne die Einweihung dieses Raumes feiern und laden Sie und Ihre Kinder deswegen</p>
<p><a class="more-link" href="https://www.asta.uni-siegen.de/index.php/termin_der_vs/neuer-eltern-kind-raum-am-unteren-schloss-us-g-213/">Weiterlesen</a></p>
