{"id":12019,"date":"2020-12-14T21:46:33","date_gmt":"2020-12-14T20:46:33","guid":{"rendered":"http:\/\/www.asta.uni-siegen.de\/?post_type=tribe_events&#038;p=12019"},"modified":"2020-12-14T21:59:39","modified_gmt":"2020-12-14T20:59:39","slug":"gedenken-an-bruno-kappi","status":"publish","type":"tribe_events","link":"https:\/\/www.asta.uni-siegen.de\/index.php\/termin_der_vs\/gedenken-an-bruno-kappi\/","title":{"rendered":"Gedenken an Bruno Kappi | Commemoration of Bruno Kappi"},"content":{"rendered":"<p>Heute gedenken wir Bruno Kappi.<br \/>\nDer damals 55-j\u00e4hrige wurde am 15. Dezember 1992 auf dem Weg zu seiner Arbeitsstelle im Weidenauer Einkaufszentrum zu Tode getreten. Der oder die T\u00e4ter griffen den stark sehbehinderten Bruno Kappi an, schlugen und traten brutal auf ihn ein, bis er an diesen Verletzungen starb. Zwei junge M\u00e4nner aus der rechten Skinhead-Szene wurden sp\u00e4ter angeklagt, jedoch konnte ihnen die Tat nicht nachgewiesen werden. Die Tat ist bis heute unges\u00fchnt.<\/p>\n<p>Das Siegener B\u00fcndnis f\u00fcr Demokratie hat sich zum Auftrag und zur Verpflichtung gemacht, das Gedenken an Bruno Kappi und das Verbrechen aufrecht zu erhalten. In diesem Jahr \u2013 als Alternative zur einer Gedenkveranstaltung \u2013 in Form eines Gedenkvideos unter Beteiligung des ehemaligen Beauftragten f\u00fcr Menschen mit Behinderungen der Stadt Siegen, Rainer Damerius, dem K\u00fcnstler Olaf Neopan Schwanke und Stephan Klenzmann als Vertreter des Siegener B\u00fcndnisses.<\/p>\n<p>Unten findet ihr das Video des Siegener B\u00fcndnis f\u00fcr Demokratie.<br \/>\n________________<br \/>\nToday we commemorate Bruno Kappi.<br \/>\nThe then 55-year-old was kicked to death on December 15th 1992 on his way to his workplace in the Weidenau shopping centre. The perpetrator or perpetrators attacked Bruno Kappi, who was severely visually impaired, and brutally beat and kicked him until he died from these injuries. Two young men from the right-wing skinhead scene were later charged, but they could not be proven guilty of the crime. The crime remains unpunished to this day.<\/p>\n<p>The Siegen Alliance for Democracy has made it its mission and obligation to uphold the memory of Bruno Kappi and the crime. This year &#8211; as an alternative to a memorial event &#8211; in the form of a commemorative video with the participation of the former Commissioner for People with Disabilities of the City of Siegen, Rainer Damerius, the artist Olaf Neopan Schwanke and Stephan Klenzmann as representatives of the Siegen Alliance.<\/p>\n<p>Here you can find the video of the Siegen Alliance for Democracy. (in german)<\/p>\n<p><iframe loading=\"lazy\" title=\"Video zum Gedenken an Bruno Kappi | Siegener B\u00fcndnis f\u00fcr Demokratie\" width=\"500\" height=\"281\" src=\"https:\/\/www.youtube.com\/embed\/4jZTrlZifvo?feature=oembed\" frameborder=\"0\" allow=\"accelerometer; autoplay; clipboard-write; encrypted-media; gyroscope; picture-in-picture; web-share\" referrerpolicy=\"strict-origin-when-cross-origin\" allowfullscreen><\/iframe><\/p>\n ","protected":false},"excerpt":{"rendered":"<p>Heute gedenken wir Bruno Kappi. Der damals 55-j\u00e4hrige wurde am 15. Dezember 1992 auf dem Weg zu seiner Arbeitsstelle im Weidenauer Einkaufszentrum zu Tode getreten. Der oder die T\u00e4ter griffen den stark sehbehinderten Bruno Kappi an, schlugen und traten brutal auf ihn ein, bis er an diesen Verletzungen starb. Zwei junge M\u00e4nner aus der rechten Skinhead-Szene wurden<\/p>\n<p><a class=\"more-link\" href=\"https:\/\/www.asta.uni-siegen.de\/index.php\/termin_der_vs\/gedenken-an-bruno-kappi\/\">Weiterlesen<\/a><\/p>\n","protected":false},"author":18,"featured_media":0,"comment_status":"closed","ping_status":"closed","template":"","meta":{"_tribe_events_status":"","_tribe_events_status_reason":"","footnotes":""},"tags":[],"tribe_events_cat":[],"class_list":["post-12019","tribe_events","type-tribe_events","status-publish","hentry"],"_links":{"self":[{"href":"https:\/\/www.asta.uni-siegen.de\/index.php\/wp-json\/wp\/v2\/tribe_events\/12019","targetHints":{"allow":["GET"]}}],"collection":[{"href":"https:\/\/www.asta.uni-siegen.de\/index.php\/wp-json\/wp\/v2\/tribe_events"}],"about":[{"href":"https:\/\/www.asta.uni-siegen.de\/index.php\/wp-json\/wp\/v2\/types\/tribe_events"}],"author":[{"embeddable":true,"href":"https:\/\/www.asta.uni-siegen.de\/index.php\/wp-json\/wp\/v2\/users\/18"}],"replies":[{"embeddable":true,"href":"https:\/\/www.asta.uni-siegen.de\/index.php\/wp-json\/wp\/v2\/comments?post=12019"}],"version-history":[{"count":4,"href":"https:\/\/www.asta.uni-siegen.de\/index.php\/wp-json\/wp\/v2\/tribe_events\/12019\/revisions"}],"predecessor-version":[{"id":12026,"href":"https:\/\/www.asta.uni-siegen.de\/index.php\/wp-json\/wp\/v2\/tribe_events\/12019\/revisions\/12026"}],"wp:attachment":[{"href":"https:\/\/www.asta.uni-siegen.de\/index.php\/wp-json\/wp\/v2\/media?parent=12019"}],"wp:term":[{"taxonomy":"post_tag","embeddable":true,"href":"https:\/\/www.asta.uni-siegen.de\/index.php\/wp-json\/wp\/v2\/tags?post=12019"},{"taxonomy":"tribe_events_cat","embeddable":true,"href":"https:\/\/www.asta.uni-siegen.de\/index.php\/wp-json\/wp\/v2\/tribe_events_cat?post=12019"}],"curies":[{"name":"wp","href":"https:\/\/api.w.org\/{rel}","templated":true}]}}

<p>Heute gedenken wir Bruno Kappi.<br />
Der damals 55-jährige wurde am 15. Dezember 1992 auf dem Weg zu seiner Arbeitsstelle im Weidenauer Einkaufszentrum zu Tode getreten. Der oder die Täter griffen den stark sehbehinderten Bruno Kappi an, schlugen und traten brutal auf ihn ein, bis er an diesen Verletzungen starb. Zwei junge Männer aus der rechten Skinhead-Szene wurden später angeklagt, jedoch konnte ihnen die Tat nicht nachgewiesen werden. Die Tat ist bis heute ungesühnt.</p>
<p>Das Siegener Bündnis für Demokratie hat sich zum Auftrag und zur Verpflichtung gemacht, das Gedenken an Bruno Kappi und das Verbrechen aufrecht zu erhalten. In diesem Jahr – als Alternative zur einer Gedenkveranstaltung – in Form eines Gedenkvideos unter Beteiligung des ehemaligen Beauftragten für Menschen mit Behinderungen der Stadt Siegen, Rainer Damerius, dem Künstler Olaf Neopan Schwanke und Stephan Klenzmann als Vertreter des Siegener Bündnisses.</p>
<p>Unten findet ihr das Video des Siegener Bündnis für Demokratie.<br />
________________<br />
Today we commemorate Bruno Kappi.<br />
The then 55-year-old was kicked to death on December 15th 1992 on his way to his workplace in the Weidenau shopping centre. The perpetrator or perpetrators attacked Bruno Kappi, who was severely visually impaired, and brutally beat and kicked him until he died from these injuries. Two young men from the right-wing skinhead scene were later charged, but they could not be proven guilty of the crime. The crime remains unpunished to this day.</p>
<p>The Siegen Alliance for Democracy has made it its mission and obligation to uphold the memory of Bruno Kappi and the crime. This year &#8211; as an alternative to a memorial event &#8211; in the form of a commemorative video with the participation of the former Commissioner for People with Disabilities of the City of Siegen, Rainer Damerius, the artist Olaf Neopan Schwanke and Stephan Klenzmann as representatives of the Siegen Alliance.</p>
<p>Here you can find the video of the Siegen Alliance for Democracy. (in german)</p>
<p><iframe loading="lazy" title="Video zum Gedenken an Bruno Kappi | Siegener Bündnis für Demokratie" width="500" height="281" src="https://www.youtube.com/embed/4jZTrlZifvo?feature=oembed" frameborder="0" allow="accelerometer; autoplay; clipboard-write; encrypted-media; gyroscope; picture-in-picture; web-share" referrerpolicy="strict-origin-when-cross-origin" allowfullscreen></iframe></p>

<p>Heute gedenken wir Bruno Kappi. Der damals 55-jährige wurde am 15. Dezember 1992 auf dem Weg zu seiner Arbeitsstelle im Weidenauer Einkaufszentrum zu Tode getreten. Der oder die Täter griffen den stark sehbehinderten Bruno Kappi an, schlugen und traten brutal auf ihn ein, bis er an diesen Verletzungen starb. Zwei junge Männer aus der rechten Skinhead-Szene wurden</p>
<p><a class="more-link" href="https://www.asta.uni-siegen.de/index.php/termin_der_vs/gedenken-an-bruno-kappi/">Weiterlesen</a></p>
