{"id":14555,"date":"2022-06-02T20:34:09","date_gmt":"2022-06-02T18:34:09","guid":{"rendered":"https:\/\/www.asta.uni-siegen.de\/?post_type=tribe_events&#038;p=14555"},"modified":"2022-06-12T18:12:28","modified_gmt":"2022-06-12T16:12:28","slug":"hoersaalsalm-im-audimax-lecture-hall-slam-at-the-audimax","status":"publish","type":"tribe_events","link":"https:\/\/www.asta.uni-siegen.de\/index.php\/termin_der_vs\/hoersaalsalm-im-audimax-lecture-hall-slam-at-the-audimax\/","title":{"rendered":"H\u00f6rsaalsalm im Audimax | Lecture Hall slam at the Audimax"},"content":{"rendered":"<div class=\"kvgmc6g5 cxmmr5t8 oygrvhab hcukyx3x c1et5uql\">\n<div class=\"\" data-block=\"true\" data-editor=\"4dcsg\" data-offset-key=\"6aob7-0-0\">\n<div class=\"_1mf _1mj\" data-offset-key=\"6aob7-0-0\"><span style=\"font-family: Avenir;\" data-offset-key=\"6aob7-0-0\">**English info below**<\/span><\/div>\n<\/div>\n<div class=\"\" data-block=\"true\" data-editor=\"4dcsg\" data-offset-key=\"dsak8-0-0\">\n<div class=\"_1mf _1mj\" data-offset-key=\"dsak8-0-0\"><span style=\"font-family: Avenir;\" data-offset-key=\"dsak8-0-0\">\u00a0<\/span><\/div>\n<\/div>\n<div class=\"\" data-block=\"true\" data-editor=\"4dcsg\" data-offset-key=\"brphv-0-0\">\n<div class=\"_1mf _1mj\" data-offset-key=\"brphv-0-0\"><span style=\"font-family: Avenir;\" data-offset-key=\"brphv-0-0\">am 15.06. findet der H\u00f6rsaalslam statt! Der H\u00f6rsaalslam findet am Campus Adolf-<\/span><\/div>\n<\/div>\n<div class=\"\" data-block=\"true\" data-editor=\"4dcsg\" data-offset-key=\"b8ik7-0-0\">\n<div class=\"_1mf _1mj\" data-offset-key=\"b8ik7-0-0\"><span style=\"font-family: Avenir;\" data-offset-key=\"b8ik7-0-0\">Reichwein im Audimax statt.<\/span><\/div>\n<\/div>\n<div class=\"\" data-block=\"true\" data-editor=\"4dcsg\" data-offset-key=\"4t5bs-0-0\">\n<div class=\"_1mf _1mj\" data-offset-key=\"4t5bs-0-0\"><span style=\"font-family: Avenir;\" data-offset-key=\"4t5bs-0-0\">Der Einlass startet um 18:00 Uhr. Der Beginn ist f\u00fcr 18:30 Uhr angesetzt.<\/span><\/div>\n<\/div>\n<div class=\"\" data-block=\"true\" data-editor=\"4dcsg\" data-offset-key=\"d29vg-0-0\">\n<div class=\"_1mf _1mj\" data-offset-key=\"d29vg-0-0\"><span style=\"font-family: Avenir;\" data-offset-key=\"d29vg-0-0\">Das Programm wird gelost. Nach den ersten drei <\/span><\/div>\n<\/div>\n<div class=\"\" data-block=\"true\" data-editor=\"4dcsg\" data-offset-key=\"6b6tm-0-0\">\n<div class=\"_1mf _1mj\" data-offset-key=\"6b6tm-0-0\"><span style=\"font-family: Avenir;\" data-offset-key=\"6b6tm-0-0\">K\u00fcnstler*innen wird es eine kurze Pause von 15 Minuten <\/span><\/div>\n<\/div>\n<div class=\"\" data-block=\"true\" data-editor=\"4dcsg\" data-offset-key=\"71d3h-0-0\">\n<div class=\"_1mf _1mj\" data-offset-key=\"71d3h-0-0\"><span style=\"font-family: Avenir;\" data-offset-key=\"71d3h-0-0\">geben. <\/span><\/div>\n<\/div>\n<div class=\"\" data-block=\"true\" data-editor=\"4dcsg\" data-offset-key=\"21r27-0-0\">\n<div class=\"_1mf _1mj\" data-offset-key=\"21r27-0-0\"><span style=\"font-family: Avenir;\" data-offset-key=\"21r27-0-0\">Kommt gerne vorbei!<\/span><\/div>\n<\/div>\n<div class=\"\" data-block=\"true\" data-editor=\"4dcsg\" data-offset-key=\"aqdpd-0-0\">\n<div class=\"_1mf _1mj\" data-offset-key=\"aqdpd-0-0\"><span style=\"font-family: Avenir;\" data-offset-key=\"aqdpd-0-0\">\u00a0<\/span><\/div>\n<\/div>\n<div class=\"\" data-block=\"true\" data-editor=\"4dcsg\" data-offset-key=\"bb4vb-0-0\">\n<div class=\"_1mf _1mj\" data-offset-key=\"bb4vb-0-0\"><span style=\"font-family: Avenir;\" data-offset-key=\"bb4vb-0-0\">Dear fellow Students,<\/span><\/div>\n<\/div>\n<div class=\"\" data-block=\"true\" data-editor=\"4dcsg\" data-offset-key=\"7kqb1-0-0\">\n<div class=\"_1mf _1mj\" data-offset-key=\"7kqb1-0-0\"><span style=\"font-family: Avenir;\" data-offset-key=\"7kqb1-0-0\">on 15th June the lecture hall slam will take place!<\/span><\/div>\n<\/div>\n<div class=\"\" data-block=\"true\" data-editor=\"4dcsg\" data-offset-key=\"66tjl-0-0\">\n<div class=\"_1mf _1mj\" data-offset-key=\"66tjl-0-0\"><span style=\"font-family: Avenir;\" data-offset-key=\"66tjl-0-0\">The Lecture Hall slam will take place at the Campus Adolf-Reichwein in the Audimax.<\/span><\/div>\n<\/div>\n<div class=\"\" data-block=\"true\" data-editor=\"4dcsg\" data-offset-key=\"bhfl-0-0\">\n<div class=\"_1mf _1mj\" data-offset-key=\"bhfl-0-0\"><span style=\"font-family: Avenir;\" data-offset-key=\"bhfl-0-0\">The admission starts at 06:00 p.m. The start is scheduled for 06:30 p.m.<\/span><\/div>\n<\/div>\n<div class=\"\" data-block=\"true\" data-editor=\"4dcsg\" data-offset-key=\"1d8q8-0-0\">\n<div class=\"_1mf _1mj\" data-offset-key=\"1d8q8-0-0\"><span style=\"font-family: Avenir;\" data-offset-key=\"1d8q8-0-0\">The program will be drawn. After the first three artists there <\/span><\/div>\n<\/div>\n<div class=\"\" data-block=\"true\" data-editor=\"4dcsg\" data-offset-key=\"ft0nh-0-0\">\n<div class=\"_1mf _1mj\" data-offset-key=\"ft0nh-0-0\"><span style=\"font-family: Avenir;\" data-offset-key=\"ft0nh-0-0\">will be a short break of 15 minutes. <\/span><\/div>\n<\/div>\n<div class=\"\" data-block=\"true\" data-editor=\"4dcsg\" data-offset-key=\"5gotq-0-0\">\n<div class=\"_1mf _1mj\" data-offset-key=\"5gotq-0-0\"><span style=\"font-family: Avenir;\" data-offset-key=\"5gotq-0-0\">Feel free to drop by!<\/span><\/div>\n<\/div>\n<\/div>\n ","protected":false},"excerpt":{"rendered":"<p>**English info below** \u00a0 am 15.06. findet der H\u00f6rsaalslam statt! Der H\u00f6rsaalslam findet am Campus Adolf- Reichwein im Audimax statt. Der Einlass startet um 18:00 Uhr. Der Beginn ist f\u00fcr 18:30 Uhr angesetzt. Das Programm wird gelost. Nach den ersten drei K\u00fcnstler*innen wird es eine kurze Pause von 15 Minuten geben. Kommt gerne vorbei! \u00a0 Dear fellow<\/p>\n<p><a class=\"more-link\" href=\"https:\/\/www.asta.uni-siegen.de\/index.php\/termin_der_vs\/hoersaalsalm-im-audimax-lecture-hall-slam-at-the-audimax\/\">Weiterlesen<\/a><\/p>\n","protected":false},"author":18,"featured_media":0,"comment_status":"closed","ping_status":"closed","template":"","meta":{"_tribe_events_status":"","_tribe_events_status_reason":"","footnotes":""},"tags":[],"tribe_events_cat":[],"class_list":["post-14555","tribe_events","type-tribe_events","status-publish","hentry"],"_links":{"self":[{"href":"https:\/\/www.asta.uni-siegen.de\/index.php\/wp-json\/wp\/v2\/tribe_events\/14555","targetHints":{"allow":["GET"]}}],"collection":[{"href":"https:\/\/www.asta.uni-siegen.de\/index.php\/wp-json\/wp\/v2\/tribe_events"}],"about":[{"href":"https:\/\/www.asta.uni-siegen.de\/index.php\/wp-json\/wp\/v2\/types\/tribe_events"}],"author":[{"embeddable":true,"href":"https:\/\/www.asta.uni-siegen.de\/index.php\/wp-json\/wp\/v2\/users\/18"}],"replies":[{"embeddable":true,"href":"https:\/\/www.asta.uni-siegen.de\/index.php\/wp-json\/wp\/v2\/comments?post=14555"}],"version-history":[{"count":2,"href":"https:\/\/www.asta.uni-siegen.de\/index.php\/wp-json\/wp\/v2\/tribe_events\/14555\/revisions"}],"predecessor-version":[{"id":14579,"href":"https:\/\/www.asta.uni-siegen.de\/index.php\/wp-json\/wp\/v2\/tribe_events\/14555\/revisions\/14579"}],"wp:attachment":[{"href":"https:\/\/www.asta.uni-siegen.de\/index.php\/wp-json\/wp\/v2\/media?parent=14555"}],"wp:term":[{"taxonomy":"post_tag","embeddable":true,"href":"https:\/\/www.asta.uni-siegen.de\/index.php\/wp-json\/wp\/v2\/tags?post=14555"},{"taxonomy":"tribe_events_cat","embeddable":true,"href":"https:\/\/www.asta.uni-siegen.de\/index.php\/wp-json\/wp\/v2\/tribe_events_cat?post=14555"}],"curies":[{"name":"wp","href":"https:\/\/api.w.org\/{rel}","templated":true}]}}

Hörsaalsalm im Audimax | Lecture Hall slam at the Audimax

<div class="kvgmc6g5 cxmmr5t8 oygrvhab hcukyx3x c1et5uql">
<div class="" data-block="true" data-editor="4dcsg" data-offset-key="6aob7-0-0">
<div class="_1mf _1mj" data-offset-key="6aob7-0-0"><span style="font-family: Avenir;" data-offset-key="6aob7-0-0">**English info below**</span></div>
</div>
<div class="" data-block="true" data-editor="4dcsg" data-offset-key="dsak8-0-0">
<div class="_1mf _1mj" data-offset-key="dsak8-0-0"><span style="font-family: Avenir;" data-offset-key="dsak8-0-0"> </span></div>
</div>
<div class="" data-block="true" data-editor="4dcsg" data-offset-key="brphv-0-0">
<div class="_1mf _1mj" data-offset-key="brphv-0-0"><span style="font-family: Avenir;" data-offset-key="brphv-0-0">am 15.06. findet der Hörsaalslam statt! Der Hörsaalslam findet am Campus Adolf-</span></div>
</div>
<div class="" data-block="true" data-editor="4dcsg" data-offset-key="b8ik7-0-0">
<div class="_1mf _1mj" data-offset-key="b8ik7-0-0"><span style="font-family: Avenir;" data-offset-key="b8ik7-0-0">Reichwein im Audimax statt.</span></div>
</div>
<div class="" data-block="true" data-editor="4dcsg" data-offset-key="4t5bs-0-0">
<div class="_1mf _1mj" data-offset-key="4t5bs-0-0"><span style="font-family: Avenir;" data-offset-key="4t5bs-0-0">Der Einlass startet um 18:00 Uhr. Der Beginn ist für 18:30 Uhr angesetzt.</span></div>
</div>
<div class="" data-block="true" data-editor="4dcsg" data-offset-key="d29vg-0-0">
<div class="_1mf _1mj" data-offset-key="d29vg-0-0"><span style="font-family: Avenir;" data-offset-key="d29vg-0-0">Das Programm wird gelost. Nach den ersten drei </span></div>
</div>
<div class="" data-block="true" data-editor="4dcsg" data-offset-key="6b6tm-0-0">
<div class="_1mf _1mj" data-offset-key="6b6tm-0-0"><span style="font-family: Avenir;" data-offset-key="6b6tm-0-0">Künstler*innen wird es eine kurze Pause von 15 Minuten </span></div>
</div>
<div class="" data-block="true" data-editor="4dcsg" data-offset-key="71d3h-0-0">
<div class="_1mf _1mj" data-offset-key="71d3h-0-0"><span style="font-family: Avenir;" data-offset-key="71d3h-0-0">geben. </span></div>
</div>
<div class="" data-block="true" data-editor="4dcsg" data-offset-key="21r27-0-0">
<div class="_1mf _1mj" data-offset-key="21r27-0-0"><span style="font-family: Avenir;" data-offset-key="21r27-0-0">Kommt gerne vorbei!</span></div>
</div>
<div class="" data-block="true" data-editor="4dcsg" data-offset-key="aqdpd-0-0">
<div class="_1mf _1mj" data-offset-key="aqdpd-0-0"><span style="font-family: Avenir;" data-offset-key="aqdpd-0-0"> </span></div>
</div>
<div class="" data-block="true" data-editor="4dcsg" data-offset-key="bb4vb-0-0">
<div class="_1mf _1mj" data-offset-key="bb4vb-0-0"><span style="font-family: Avenir;" data-offset-key="bb4vb-0-0">Dear fellow Students,</span></div>
</div>
<div class="" data-block="true" data-editor="4dcsg" data-offset-key="7kqb1-0-0">
<div class="_1mf _1mj" data-offset-key="7kqb1-0-0"><span style="font-family: Avenir;" data-offset-key="7kqb1-0-0">on 15th June the lecture hall slam will take place!</span></div>
</div>
<div class="" data-block="true" data-editor="4dcsg" data-offset-key="66tjl-0-0">
<div class="_1mf _1mj" data-offset-key="66tjl-0-0"><span style="font-family: Avenir;" data-offset-key="66tjl-0-0">The Lecture Hall slam will take place at the Campus Adolf-Reichwein in the Audimax.</span></div>
</div>
<div class="" data-block="true" data-editor="4dcsg" data-offset-key="bhfl-0-0">
<div class="_1mf _1mj" data-offset-key="bhfl-0-0"><span style="font-family: Avenir;" data-offset-key="bhfl-0-0">The admission starts at 06:00 p.m. The start is scheduled for 06:30 p.m.</span></div>
</div>
<div class="" data-block="true" data-editor="4dcsg" data-offset-key="1d8q8-0-0">
<div class="_1mf _1mj" data-offset-key="1d8q8-0-0"><span style="font-family: Avenir;" data-offset-key="1d8q8-0-0">The program will be drawn. After the first three artists there </span></div>
</div>
<div class="" data-block="true" data-editor="4dcsg" data-offset-key="ft0nh-0-0">
<div class="_1mf _1mj" data-offset-key="ft0nh-0-0"><span style="font-family: Avenir;" data-offset-key="ft0nh-0-0">will be a short break of 15 minutes. </span></div>
</div>
<div class="" data-block="true" data-editor="4dcsg" data-offset-key="5gotq-0-0">
<div class="_1mf _1mj" data-offset-key="5gotq-0-0"><span style="font-family: Avenir;" data-offset-key="5gotq-0-0">Feel free to drop by!</span></div>
</div>
</div>

<p>**English info below**   am 15.06. findet der Hörsaalslam statt! Der Hörsaalslam findet am Campus Adolf- Reichwein im Audimax statt. Der Einlass startet um 18:00 Uhr. Der Beginn ist für 18:30 Uhr angesetzt. Das Programm wird gelost. Nach den ersten drei Künstler*innen wird es eine kurze Pause von 15 Minuten geben. Kommt gerne vorbei!   Dear fellow</p>
<p><a class="more-link" href="https://www.asta.uni-siegen.de/index.php/termin_der_vs/hoersaalsalm-im-audimax-lecture-hall-slam-at-the-audimax/">Weiterlesen</a></p>
