{"id":15271,"date":"2023-04-24T15:14:07","date_gmt":"2023-04-24T13:14:07","guid":{"rendered":"https:\/\/www.asta.uni-siegen.de\/?post_type=tribe_events&#038;p=15271"},"modified":"2023-04-24T15:18:30","modified_gmt":"2023-04-24T13:18:30","slug":"siegener-comedy-slam","status":"publish","type":"tribe_events","link":"https:\/\/www.asta.uni-siegen.de\/index.php\/termin_der_vs\/siegener-comedy-slam\/","title":{"rendered":"Siegener Comedy Slam"},"content":{"rendered":"<p>Der Walter-Kr\u00e4mer-AStA und das Kultkaff pr\u00e4sentieren:<br \/>\nDie erste Siegener H\u00f6rsaal Comedy!<br \/>\nEs gibt genug Gr\u00fcnde zu gr\u00fcbeln oder gefrustet zu sein in diesen Zeiten. Daher freuen wir uns, euch einen Abend gef\u00fcllt mit Witz und Spa\u00df zu bieten, an dem Uni Stress und sonstiges f\u00fcr einen Moment Pause machen. Wir haben nicht nur vier hervorragende Acts geladen, die sonst Deutschlandweit ihr Publikum verzaubern, sondern auch eine Open Stage! Du hast schon immer davon getr\u00e4umt dich mit Humor und Schabernack auf einer B\u00fchne auszuprobieren? Dann ist hier deine Chance!<br \/>\nNach der Veranstaltung freuen wir uns auf einen gemeinsamen Ausklang im KultKaff. Wir starten am 02.05. um 18:00 im Audimax.<br \/>\nTickets gibt es KOSTENLOS im AStA B\u00fcro und im AStA Shop zur Abholung, solange der Vorrat reicht!<\/p>\n<p>&nbsp;<\/p>\n<p>The Walter-Kr\u00e4mer-AStA and the Kultkaff present:<br \/>\nThe first Siegen Auditorium Comedy!<br \/>\nThere are enough reasons to brood or to be frustrated in these times. Therefore, we are happy to offer you an evening filled with jokes and fun, where university stress and other things take a break for a moment. Not only have we invited four outstanding acts who usually enchant their audiences all over Germany, but also an Open Stage! You have always dreamed of trying yourself out on a stage with humor and mischief? Then here is your chance!<br \/>\nAfter the event we are looking forward to a common evening at KultKaff. We start on 02.05. at 18:00 in the Audimax.<br \/>\nTickets are available for FREE at the AStA Office and at the AStA Shop for pick-up while supplies last!<\/p>\n ","protected":false},"excerpt":{"rendered":"<p>Der Walter-Kr\u00e4mer-AStA und das Kultkaff pr\u00e4sentieren: Die erste Siegener H\u00f6rsaal Comedy! Es gibt genug Gr\u00fcnde zu gr\u00fcbeln oder gefrustet zu sein in diesen Zeiten. Daher freuen wir uns, euch einen Abend gef\u00fcllt mit Witz und Spa\u00df zu bieten, an dem Uni Stress und sonstiges f\u00fcr einen Moment Pause machen. Wir haben nicht nur vier hervorragende Acts geladen,<\/p>\n<p><a class=\"more-link\" href=\"https:\/\/www.asta.uni-siegen.de\/index.php\/termin_der_vs\/siegener-comedy-slam\/\">Weiterlesen<\/a><\/p>\n","protected":false},"author":18,"featured_media":0,"comment_status":"closed","ping_status":"closed","template":"","meta":{"_tribe_events_status":"","_tribe_events_status_reason":"","footnotes":""},"tags":[],"tribe_events_cat":[],"class_list":["post-15271","tribe_events","type-tribe_events","status-publish","hentry"],"_links":{"self":[{"href":"https:\/\/www.asta.uni-siegen.de\/index.php\/wp-json\/wp\/v2\/tribe_events\/15271","targetHints":{"allow":["GET"]}}],"collection":[{"href":"https:\/\/www.asta.uni-siegen.de\/index.php\/wp-json\/wp\/v2\/tribe_events"}],"about":[{"href":"https:\/\/www.asta.uni-siegen.de\/index.php\/wp-json\/wp\/v2\/types\/tribe_events"}],"author":[{"embeddable":true,"href":"https:\/\/www.asta.uni-siegen.de\/index.php\/wp-json\/wp\/v2\/users\/18"}],"replies":[{"embeddable":true,"href":"https:\/\/www.asta.uni-siegen.de\/index.php\/wp-json\/wp\/v2\/comments?post=15271"}],"version-history":[{"count":1,"href":"https:\/\/www.asta.uni-siegen.de\/index.php\/wp-json\/wp\/v2\/tribe_events\/15271\/revisions"}],"predecessor-version":[{"id":15272,"href":"https:\/\/www.asta.uni-siegen.de\/index.php\/wp-json\/wp\/v2\/tribe_events\/15271\/revisions\/15272"}],"wp:attachment":[{"href":"https:\/\/www.asta.uni-siegen.de\/index.php\/wp-json\/wp\/v2\/media?parent=15271"}],"wp:term":[{"taxonomy":"post_tag","embeddable":true,"href":"https:\/\/www.asta.uni-siegen.de\/index.php\/wp-json\/wp\/v2\/tags?post=15271"},{"taxonomy":"tribe_events_cat","embeddable":true,"href":"https:\/\/www.asta.uni-siegen.de\/index.php\/wp-json\/wp\/v2\/tribe_events_cat?post=15271"}],"curies":[{"name":"wp","href":"https:\/\/api.w.org\/{rel}","templated":true}]}}

<p>Der Walter-Krämer-AStA und das Kultkaff präsentieren:<br />
Die erste Siegener Hörsaal Comedy!<br />
Es gibt genug Gründe zu grübeln oder gefrustet zu sein in diesen Zeiten. Daher freuen wir uns, euch einen Abend gefüllt mit Witz und Spaß zu bieten, an dem Uni Stress und sonstiges für einen Moment Pause machen. Wir haben nicht nur vier hervorragende Acts geladen, die sonst Deutschlandweit ihr Publikum verzaubern, sondern auch eine Open Stage! Du hast schon immer davon geträumt dich mit Humor und Schabernack auf einer Bühne auszuprobieren? Dann ist hier deine Chance!<br />
Nach der Veranstaltung freuen wir uns auf einen gemeinsamen Ausklang im KultKaff. Wir starten am 02.05. um 18:00 im Audimax.<br />
Tickets gibt es KOSTENLOS im AStA Büro und im AStA Shop zur Abholung, solange der Vorrat reicht!</p>
<p>&nbsp;</p>
<p>The Walter-Krämer-AStA and the Kultkaff present:<br />
The first Siegen Auditorium Comedy!<br />
There are enough reasons to brood or to be frustrated in these times. Therefore, we are happy to offer you an evening filled with jokes and fun, where university stress and other things take a break for a moment. Not only have we invited four outstanding acts who usually enchant their audiences all over Germany, but also an Open Stage! You have always dreamed of trying yourself out on a stage with humor and mischief? Then here is your chance!<br />
After the event we are looking forward to a common evening at KultKaff. We start on 02.05. at 18:00 in the Audimax.<br />
Tickets are available for FREE at the AStA Office and at the AStA Shop for pick-up while supplies last!</p>

<p>Der Walter-Krämer-AStA und das Kultkaff präsentieren: Die erste Siegener Hörsaal Comedy! Es gibt genug Gründe zu grübeln oder gefrustet zu sein in diesen Zeiten. Daher freuen wir uns, euch einen Abend gefüllt mit Witz und Spaß zu bieten, an dem Uni Stress und sonstiges für einen Moment Pause machen. Wir haben nicht nur vier hervorragende Acts geladen,</p>
<p><a class="more-link" href="https://www.asta.uni-siegen.de/index.php/termin_der_vs/siegener-comedy-slam/">Weiterlesen</a></p>
