{"id":16012,"date":"2024-04-03T18:44:22","date_gmt":"2024-04-03T16:44:22","guid":{"rendered":"https:\/\/www.asta.uni-siegen.de\/?post_type=tribe_events&#038;p=16012"},"modified":"2024-04-03T18:44:22","modified_gmt":"2024-04-03T16:44:22","slug":"pizza-politics-was-ist-antisemitismus","status":"publish","type":"tribe_events","link":"https:\/\/www.asta.uni-siegen.de\/index.php\/termin_der_vs\/pizza-politics-was-ist-antisemitismus\/","title":{"rendered":"Pizza &#038; Politics: &#8220;Was ist Antisemitismus?&#8221;"},"content":{"rendered":"<p>Es geht weiter: 3. Runde f\u00fcr Pizza &amp; Politics! Sofia Sboui f\u00fchrt uns in den Themenkomplex Antisemitismus und seine Probleme ein.<\/p>\n<p>\u201eAntisemitismus ist das Ger\u00fccht \u00fcber die Juden\u201c (Adorno). Seine Geschichte ist tausende Jahre alt und auch wenn er immer wieder in erneuerten Formen auftritt, so bleibt sein Kern derselbe: Er ist eine t\u00f6dliche Gefahr f\u00fcr J\u00fcdinnen*Juden und eine falsche Deutung der Wirklichkeit.<br \/>\nWir werden uns kurz mit der Geschichte des Antisemitismus auseinandersetzen, um dann dessen heutige Ausdrucksformen genauer zu beleuchten. Die Frage nach seinen gesellschaftlichen Funktionen steht dabei im Fokus, um eine antisemitismuskritische Haltung zu begr\u00fcnden.<\/p>\n ","protected":false},"excerpt":{"rendered":"<p>Es geht weiter: 3. Runde f\u00fcr Pizza &amp; Politics! Sofia Sboui f\u00fchrt uns in den Themenkomplex Antisemitismus und seine Probleme ein. \u201eAntisemitismus ist das Ger\u00fccht \u00fcber die Juden\u201c (Adorno). Seine Geschichte ist tausende Jahre alt und auch wenn er immer wieder in erneuerten Formen auftritt, so bleibt sein Kern derselbe: Er ist eine t\u00f6dliche Gefahr f\u00fcr J\u00fcdinnen*Juden<\/p>\n<p><a class=\"more-link\" href=\"https:\/\/www.asta.uni-siegen.de\/index.php\/termin_der_vs\/pizza-politics-was-ist-antisemitismus\/\">Weiterlesen<\/a><\/p>\n","protected":false},"author":18,"featured_media":0,"comment_status":"closed","ping_status":"closed","template":"","meta":{"_tribe_events_status":"","_tribe_events_status_reason":"","footnotes":""},"tags":[],"tribe_events_cat":[],"class_list":["post-16012","tribe_events","type-tribe_events","status-publish","hentry"],"_links":{"self":[{"href":"https:\/\/www.asta.uni-siegen.de\/index.php\/wp-json\/wp\/v2\/tribe_events\/16012","targetHints":{"allow":["GET"]}}],"collection":[{"href":"https:\/\/www.asta.uni-siegen.de\/index.php\/wp-json\/wp\/v2\/tribe_events"}],"about":[{"href":"https:\/\/www.asta.uni-siegen.de\/index.php\/wp-json\/wp\/v2\/types\/tribe_events"}],"author":[{"embeddable":true,"href":"https:\/\/www.asta.uni-siegen.de\/index.php\/wp-json\/wp\/v2\/users\/18"}],"replies":[{"embeddable":true,"href":"https:\/\/www.asta.uni-siegen.de\/index.php\/wp-json\/wp\/v2\/comments?post=16012"}],"version-history":[{"count":1,"href":"https:\/\/www.asta.uni-siegen.de\/index.php\/wp-json\/wp\/v2\/tribe_events\/16012\/revisions"}],"predecessor-version":[{"id":16013,"href":"https:\/\/www.asta.uni-siegen.de\/index.php\/wp-json\/wp\/v2\/tribe_events\/16012\/revisions\/16013"}],"wp:attachment":[{"href":"https:\/\/www.asta.uni-siegen.de\/index.php\/wp-json\/wp\/v2\/media?parent=16012"}],"wp:term":[{"taxonomy":"post_tag","embeddable":true,"href":"https:\/\/www.asta.uni-siegen.de\/index.php\/wp-json\/wp\/v2\/tags?post=16012"},{"taxonomy":"tribe_events_cat","embeddable":true,"href":"https:\/\/www.asta.uni-siegen.de\/index.php\/wp-json\/wp\/v2\/tribe_events_cat?post=16012"}],"curies":[{"name":"wp","href":"https:\/\/api.w.org\/{rel}","templated":true}]}}

<p>Es geht weiter: 3. Runde für Pizza &amp; Politics! Sofia Sboui führt uns in den Themenkomplex Antisemitismus und seine Probleme ein.</p>
<p>„Antisemitismus ist das Gerücht über die Juden“ (Adorno). Seine Geschichte ist tausende Jahre alt und auch wenn er immer wieder in erneuerten Formen auftritt, so bleibt sein Kern derselbe: Er ist eine tödliche Gefahr für Jüdinnen*Juden und eine falsche Deutung der Wirklichkeit.<br />
Wir werden uns kurz mit der Geschichte des Antisemitismus auseinandersetzen, um dann dessen heutige Ausdrucksformen genauer zu beleuchten. Die Frage nach seinen gesellschaftlichen Funktionen steht dabei im Fokus, um eine antisemitismuskritische Haltung zu begründen.</p>

<p>Es geht weiter: 3. Runde für Pizza &amp; Politics! Sofia Sboui führt uns in den Themenkomplex Antisemitismus und seine Probleme ein. „Antisemitismus ist das Gerücht über die Juden“ (Adorno). Seine Geschichte ist tausende Jahre alt und auch wenn er immer wieder in erneuerten Formen auftritt, so bleibt sein Kern derselbe: Er ist eine tödliche Gefahr für Jüdinnen*Juden</p>
<p><a class="more-link" href="https://www.asta.uni-siegen.de/index.php/termin_der_vs/pizza-politics-was-ist-antisemitismus/">Weiterlesen</a></p>
